10
Let u be 27 + 8/(2/(-1)). Let h(g) = g**2 - 27*g + 121. Let q be h(u). Calculate the greatest common divisor of q and 58.
29
Let u = -3513 - -3663. What is the greatest common factor of u and 1150?
50
Let x(p) = 4*p**2 - 54*p + 86. Let o be x(12). Calculate the greatest common factor of 6454 and o.
14
Suppose 0 = -56*y - 49*y + 94*y + 132. Calculate the greatest common divisor of y and 1796.
4
Suppose 2*j - n - 172 = 0, -3*j + 5*n = n - 263. What is the greatest common divisor of 5440 and j?
85
Let y(a) = 3931*a + 11. Let p be y(-1). Let w be p/(-637) + (-4)/26. Calculate the highest common factor of w and 24.
6
Let d be 3 + (412/8)/((-2)/12). Let f = -269 - d. Let v be (-3)/12 - 298/(-8). What is the greatest common divisor of v and f?
37
Let y be -3 + (-1 - (6 + -13)). Let a be 3897/9 + y + -4. What is the greatest common factor of 27 and a?
27
Suppose -3*n - 2*q = -19, 5*n - 2*q - 20 = -3*q. Suppose 2*o = -0*o, 2*s - 196 = n*o. Let c = 170 - s. Calculate the greatest common divisor of 9 and c.
9
Suppose -6*o = -0*o - 2496. Suppose 390 = 11*h + 19*h. Calculate the highest common divisor of o and h.
13
Suppose 738 - 126 = 17*l. Calculate the greatest common factor of 9468 and l.
36
Let f(n) = 32*n**2 + 177*n + 540. Let x be f(-3). What is the highest common factor of x and 5319?
27
Suppose 4*i - 2*s + 88 = 0, 0*s - 5*s + 4 = -i. Let g = i - -33. Calculate the highest common divisor of g and 72.
9
Suppose 0 = g + 2*m - 2164, 3*m - 7284 = -4*g + 1367. Calculate the highest common factor of g and 47.
47
Let t(j) = 33*j - 2326. Let d be t(72). Calculate the highest common divisor of d and 90.
10
Let g(h) = -4*h - 39. Let t be g(-7). Let y be 2/2 + (-759)/t. Calculate the highest common factor of y and 210.
70
Let r(i) = 1236*i + 175701. Let t be r(-141). Let v(p) = -7*p + 8. Let l be v(-7). Calculate the highest common factor of l and t.
57
Let q = -1804 + 2084. Suppose -2*h + 110 - 54 = 0. What is the greatest common divisor of h and q?
28
Let b(w) = 354*w - 2730. Let i be b(8). Calculate the greatest common factor of i and 36618.
102
Suppose -b = 3*b + 312. Let q = -67 - b. Let v be q/1 + -8 + 4. Calculate the greatest common divisor of v and 1.
1
Let j = -87 - -89. Let u be -6 + 5 - (j + -7 + 1). Suppose -h - 3 = 0, 0 = u*d - 9*h + 4*h - 39. Calculate the greatest common factor of d and 28.
4
Let v be 3*(2 + 4/(-3)). Suppose 2*a - 4 = -2*j, -2*a + 5 = j - 2. Suppose -7 = -3*z - t + a, 16 = 4*z - 2*t. Calculate the highest common divisor of z and v.
2
Suppose -6*a = -2*a + 596. Suppose -d - 216 = -q - 4*q, -4 = 2*q. Let l = a - d. Calculate the highest common factor of l and 11.
11
Suppose 4*z - 4*c = 888, -2*c + 0 = -4. Suppose -b - 5*i - 4 + 12 = 0, -b = -5*i - 48. What is the greatest common divisor of z and b?
28
Suppose 7*f - 21*f + 34412 = 0. Suppose f = -14*p + 6742. Let w(b) = -3*b + 18. Let u be w(0). What is the greatest common divisor of p and u?
18
Let h(i) = -5*i - 54. Let y be h(-15). Calculate the highest common divisor of 3612 and y.
21
Let d(r) = r**2 + 24*r - 109. Let w = 462 - 493. Let s be d(w). Calculate the highest common divisor of 594 and s.
54
Suppose 0 = 2*i + 5*v - 176, -207 = -4*i - 2*v + 129. What is the greatest common factor of i and 1328?
83
Let j(c) = -3*c**3 + 4*c**2 + 12*c + 3. Let q be j(-3). Suppose 25 - 585 = -5*r. Calculate the greatest common divisor of r and q.
28
Let z(i) = i**3 - 9*i**2 + 6*i - 48. Let p be z(9). Let d be (-6)/(3/(-1)) + 148. What is the greatest common factor of d and p?
6
Let x be (12*5)/(3/60*6). Let c be (6*-5)/2*x/(-60). What is the highest common factor of 10 and c?
10
Let u(g) = -1150*g + 16158. Let m be u(14). Calculate the highest common divisor of m and 1189.
29
Suppose 21 = -h - 3*f - 60, -4*h = 4*f + 300. Let p be (14/(-28))/(1/h). Suppose 2*b - p = b. What is the greatest common factor of 72 and b?
36
Let q be ((-12010)/(-90)*3)/(0 + 2/36). Calculate the highest common factor of q and 6.
6
Let s be (0 + 1 - -169) + 0. Suppose -5*j + 1219 = 4*z, 5*z = 3*j + 6*z - 737. Suppose 12*m - 569 = j. Calculate the greatest common divisor of m and s.
34
Suppose 2*p = -2*p + n - 27, p + 4*n - 6 = 0. Let h be ((-60)/8)/(p/112). Let j = -107 + h. Calculate the greatest common factor of 132 and j.
33
Let c(k) = -k**3 - 13*k**2 + 29*k - 95. Let o be c(-15). Let y = 19 + 115. Let t = o + y. Calculate the highest common factor of 27 and t.
27
Let h(d) = -d - 8. Let i be h(-8). Suppose i = -j + 24 - 0. Let f be (-4)/(-98) - (-31698)/1323. What is the highest common factor of j and f?
24
Let m(v) = 353*v**2 - 1. Let a be m(-2). Suppose -k + 7*k = -527 + 629. Calculate the greatest common factor of k and a.
17
Let m(f) = f**3 + 33*f**2 + 163*f + 171. Let p be m(-27). Suppose d - 4*d = -96. Calculate the highest common factor of p and d.
16
Let f = -293 + 289. Let k(j) = -j**2 - 18*j - 16. Let z be k(f). What is the greatest common factor of z and 32?
8
Let i = -1831 - -5071. What is the greatest common divisor of 1260 and i?
180
Let o be (8307 - (-15 - -32)) + -15. What is the highest common factor of 25 and o?
25
Suppose -40 = n - 5*n - 3*j, 10 = 2*n - j. Let x = n - -80. Calculate the greatest common divisor of x and 58.
29
Suppose 0*s + 4*q + 55 = -s, 5*q + 200 = -3*s. Let z be (-24)/s*(-40)/(-16)*15. Calculate the greatest common divisor of 96 and z.
12
Let c be (0 + 0)*(-17 - -18). Suppose 2*j - 83 - 389 = c. Calculate the greatest common divisor of j and 59.
59
Let g = -200 + 488. Let b be ((-6)/(-10))/((-7688)/(-960) - 8). Calculate the highest common factor of b and g.
72
Let r = -12104 + 20277. What is the highest common divisor of 11 and r?
11
Let h = -44 + 44. Suppose -4*x - 5*x + 567 = h. Let o be 9657/x + 2/(-7). Calculate the highest common divisor of 9 and o.
9
Let x(d) = 3*d**2 + 24*d + 45. Let a be x(-6). Suppose -1255 = -2*g + 601. Suppose 13*k - a*k = g. Calculate the greatest common divisor of k and 29.
29
Let t(n) = -n**3 + 11*n**2 + n + 12. Let j be t(11). Let b(q) = 28*q + 223. Let u be b(6). What is the greatest common divisor of u and j?
23
Let r = 595 + -574. Suppose -3213 = -40*z + 23*z. What is the greatest common factor of r and z?
21
Let t = 3 + -6. Suppose 6*z - 2*z + 68 = j, -5*z = -3*j + 78. Let c = t - z. Calculate the greatest common divisor of c and 135.
15
Let i(z) = -z**3 + 3*z**2 + 7*z - 6. Let q be i(4). Let x be q/((-30)/(-115)) + 4. What is the highest common factor of x and 351?
27
Let t(q) = -4*q + 20. Let h be t(5). Let g be h + (9 - 0)/((-3)/(-9)). Let p = g - 25. What is the greatest common factor of p and 3?
1
Suppose -19394*k + 19403*k - 31257 = 0. What is the highest common divisor of k and 302?
151
Suppose -37086 + 630 = -6*y. Calculate the highest common divisor of y and 620.
124
Suppose 2808 = -5310*j + 5328*j. What is the highest common divisor of j and 132?
12
Let u(p) = 27*p - 1. Let g be u(12). Let j = g - 213. Calculate the highest common divisor of j and 22.
22
Suppose -32*z + 813 + 7283 = 0. Suppose -42*q + 37*q + t = -z, 2*q - 4*t = 112. Suppose -2*y + 0*y = -50. What is the greatest common factor of q and y?
25
Let f(q) = -5*q**2 - 34*q**3 - 12 - 4*q + 36*q**3 + 4. Let o be f(6). What is the greatest common factor of o and 20?
20
Let f(k) = k**3 + 21*k**2 - 19*k - 32. Let c be f(-20). Suppose 386*j - 391*j = -220. What is the greatest common divisor of j and c?
44
Let r(y) = y**3 + 33*y**2 - 18*y + 194. Let g be r(-32). What is the highest common factor of 156 and g?
78
Let h(f) = f**3 - 39*f**2 - 19*f - 8. Let y be h(40). What is the highest common divisor of y and 2?
2
Let i be ((-12)/(-15))/((-12)/(-120))*(-14)/(-8). What is the highest common factor of 134 and i?
2
Let r be (-7009)/(-43) + (7 + 1 - 1). What is the greatest common factor of r and 1870?
170
Let t = 1 + 5. Suppose 115*u - 113*u - 2*a - 222 = 0, -5*a = 2*u - 159. What is the highest common factor of u and t?
6
Let f be 1 + 43 - (-78)/39. Calculate the greatest common divisor of f and 529.
23
Suppose a + 40 = 4*j, 40 = 4*j + a + 3*a. Suppose 0 = -12*q + j*q + 92. Suppose -4*d = -q - 14. What is the greatest common divisor of d and 3?
3
Let p(t) = 82*t**2 - 39*t - 115. Let i be p(-3). What is the greatest common divisor of 111 and i?
37
Let i(p) = 2068*p - 125